alse
Does 10 divide 36292?
False
Is 302 a multiple of 11?
False
Does 294 divide 1470?
True
Does 21 divide 42284?
False
Is 2 a factor of 104?
True
Is 84 a factor of 5549?
False
Is 6 a factor of 648?
True
Does 160 divide 4384?
False
Is 18 a factor of 9572?
False
Does 26 divide 1556?
False
Is 288 a multiple of 16?
True
Is 3000 a multiple of 60?
True
Is 65318 a multiple of 18?
False
Is 1041 a multiple of 29?
False
Is 38 a factor of 481?
False
Does 2 divide 106?
True
Is 15 a factor of 1462?
False
Is 30 a factor of 280?
False
Is 18568 a multiple of 22?
True
Is 112 a factor of 5376?
True
Does 12 divide 699?
False
Does 99 divide 78941?
False
Is 13186 a multiple of 19?
True
Is 7047 a multiple of 29?
True
Does 16 divide 2448?
True
Does 21 divide 894?
False
Is 3735 a multiple of 45?
True
Is 3 a factor of 35?
False
Does 78 divide 1284?
False
Does 178 divide 25100?
False
Is 8 a factor of 2197?
False
Does 7 divide 1540?
True
Is 47448 a multiple of 13?
False
Is 130 a multiple of 11?
False
Is 1152 a multiple of 96?
True
Does 12 divide 564?
True
Is 8750 a multiple of 50?
True
Does 37 divide 8436?
True
Is 688 a multiple of 3?
False
Is 2366 a multiple of 26?
True
Is 36516 a multiple of 5?
False
Does 75 divide 5400?
True
Is 51 a factor of 9415?
False
Is 91 a factor of 42158?
False
Is 35 a factor of 735?
True
Does 86 divide 25628?
True
Does 66 divide 8316?
True
Does 15 divide 750?
True
Is 3768 a multiple of 7?
False
Is 13 a factor of 5096?
True
Is 376 a multiple of 25?
False
Is 288 a multiple of 18?
True
Is 11 a factor of 22058?
False
Does 10 divide 151?
False
Is 92 a factor of 274?
False
Does 7 divide 62?
False
Is 61 a factor of 29219?
True
Is 5204 a multiple of 4?
True
Is 533 a multiple of 16?
False
Is 10 a factor of 2346?
False
Does 40 divide 36760?
True
Is 131146 a multiple of 44?
False
Is 86 a factor of 6794?
True
Does 19 divide 8303?
True
Is 3 a factor of 651?
True
Is 11 a factor of 2695?
True
Does 30 divide 11960?
False
Does 6 divide 558?
True
Is 1376 a multiple of 43?
True
Does 9 divide 894?
False
Does 26 divide 11434?
False
Is 144 a multiple of 12?
True
Is 24 a factor of 21336?
True
Is 3510 a multiple of 15?
True
Is 2 a factor of 6283?
False
Is 28 a factor of 13496?
True
Does 47 divide 122012?
True
Does 4 divide 33164?
True
Does 46 divide 598?
True
Is 5664 a multiple of 24?
True
Is 88847 a multiple of 82?
False
Is 7560 a multiple of 56?
True
Is 4 a factor of 208?
True
Is 140 a factor of 118422?
False
Does 5 divide 145?
True
Is 5950 a multiple of 119?
True
Is 12 a factor of 1690?
False
Is 3 a factor of 579?
True
Does 36 divide 1152?
True
Is 12006 a multiple of 69?
True
Is 46 a factor of 16028?
False
Does 28 divide 3211?
False
Is 5 a factor of 1215?
True
Is 62 a factor of 60264?
True
Is 748 a multiple of 12?
False
Does 7 divide 2002?
True
Is 16790 a multiple of 23?
True
Is 19 a factor of 2774?
True
Does 18 divide 13443?
False
Is 35 a factor of 1790?
False
Does 16 divide 2244?
False
Does 137 divide 1370?
True
Is 5 a factor of 51?
False
Is 540 a multiple of 60?
True
Is 60954 a multiple of 15?
False
Is 17 a factor of 4339?
False
Is 308 a multiple of 11?
True
Is 1242 a multiple of 6?
True
Is 12893 a multiple of 33?
False
Is 113360 a multiple of 26?
True
Is 22 a factor of 22?
True
Is 15 a factor of 1014?
False
Does 13 divide 1287?
True
Does 10 divide 11366?
False
Does 15 divide 375?
True
Is 21204 a multiple of 62?
True
Does 6 divide 320?
False
Is 1354 a multiple of 10?
False
Is 24 a factor of 16870?
False
Is 25 a factor of 21469?
False
Is 69 a factor of 1614?
False
Is 29 a factor of 348?
True
Does 160 divide 77607?
False
Does 2 divide 239?
False
Is 441 a multiple of 21?
True
Does 12 divide 3960?
True
Is 6 even?
True
Is 7 a factor of 11151?
True
Does 19 divide 21828?
False
Does 4 divide 3156?
True
Is 676 a multiple of 2?
True
Is 58 a factor of 14906?
True
Is 32 a multiple of 6?
False
Is 8 a factor of 1802?
False
Is 31273 a multiple of 68?
False
Is 123024 a multiple of 12?
True
Is 42 a factor of 2413?
False
Does 16 divide 10592?
True
Is 15 a factor of 390?
True
Is 22 a factor of 2926?
True
Is 27 a factor of 88614?
True
Is 1508 a multiple of 13?
True
Is 2169 a multiple of 44?
False
Is 30314 a multiple of 23?
True
Does 167 divide 21689?
False
Is 611 a multiple of 6?
False
Is 16 a factor of 21818?
False
Is 10 a factor of 1208?
False
Is 665 a multiple of 52?
False
Is 10 a factor of 19480?
True
Is 104 a multiple of 5?
False
Is 7 a factor of 504?
True
Does 44 divide 836?
True
Is 7221 a multiple of 24?
False
Is 10560 a multiple of 44?
True
Is 17 a factor of 1241?
True
Is 2050 a multiple of 12?
False
Does 32 divide 1892?
False
Does 26 divide 1430?
True
Is 148 a factor of 1924?
True
Is 31 a factor of 961?
True
Does 12 divide 9491?
False
Does 8 divide 4584?
True
Does 11 divide 16192?
True
Does 13 divide 2219?
False
Does 126 divide 15902?
False
Is 17975 a multiple of 25?
True
Is 8 a factor of 22176?
True
Does 13 divide 22984?
True
Is 35165 a multiple of 6?
False
Does 15 divide 855?
True
Does 16 divide 191?
False
Does 8 divide 27885?
False
Is 850 a multiple of 15?
False
Does 13 divide 3087?
False
Does 21 divide 18228?
True
Is 14 a factor of 19037?
False
Does 13 divide 983?
False
Is 63612 a multiple of 28?
False
Is 35 a factor of 490?
True
Is 1494 a multiple of 6?
True
Does 30 divide 2326?
False
Is 5 a factor of 2353?
False
Is 30 a factor of 1080?
True
Is 6016 a multiple of 11?
False
Does 9 divide 801?
True
Is 7 a factor of 7896?
True
Is 11460 a multiple of 382?
True
Does 8 divide 5460?
False
Does 72 divide 52591?
False
Is 160 a multiple of 4?
True
Is 6156 a multiple of 169?
False
Does 11 divide 1037?
False
Does 137 divide 5480?
True
Is 14 a factor of 175?
False
Is 943 a multiple of 19?
False
Is 2 a factor of 4304?
True
Is 17 a factor of 68?
True
Is 5364 a multiple of 4?
True
Does 8 divide 23936?
True
Does 91 divide 17502?
False
Is 5328 a multiple of 74?
True
Is 522 a multiple of 9?
True
Does 18 divide 72?
True
Is 4177 a multiple of 32?
False
Is 171 a factor of 4700?
False
Does 17 divide 21471?
True
Is 52202 a multiple of 6?
False
Is 5918 a multiple of 21?
False
Is 11336 a multiple of 13?
True
Is 17 a factor of 1921?
True
Does 16 divide 8752?
True
Is 115 a factor of 19849?
False
Does 38 divide 672?
False
Is 27 a factor of 9948?
False
Does 25 divide 7750?
True
Is 29 a factor of 46991?
False
Is 29 a factor of 1446?
False
Is 16 a multiple of 6?
False
Is 728 a multiple of 3?
False
Is 9 a factor of 22496?
False
Is 130866 a multiple of 17?
True
Is 3796 a multiple of 13?
True
Is 595 a multiple of 2?
False
Is 6244 a multiple of 7?
True
Is 44 a factor of 1917?
False
Is 234 a multiple of 3?
True
Is 5030 a multiple of 11?
False
Does 62 divide 9362?
True
Is 6820 a multiple of 22?
True
Does 4 divide 3152?
True
Is 152 a multiple of 11?
False
Is 1107 a multiple of 9?
True
Does 4 divide 10?
False
Is 81796 a multiple of 121?
True
Is 9 a factor of 2934?
True
Is 39378 a multiple of 16?
False
Is 3234 a multiple of 22?
True
Does 3 divide 79?
False
Does 3 divide 2449?
False
Is 189 a multiple of 7?
True
Is 14975 a multiple of 10?
False
Does 98 divide 1176?
True
Is 390 a multiple of 10?
True
Does 18 divide 306?
True
Is 3962 a multiple of 13?
False
Is 17897 a multiple of 216?
False
Does 60 divide 14820?
True
Is 43 a factor of 40299?
False
Is 16 a factor of 83296?
True
Does 35 divide 1785?
True
Is 648 a multiple of 37?
False
Is 8430 a multiple of 68?
False
Is 7250 a multiple of 3?
False
Does 26 divide 1924?
True
Does 192 divide 102720?
True
Does 9 divide 2098?
False
Is 31 a factor of 7873?
False
Is 231 a factor of 57750?
True
Is 525 a multiple of 15?
True
Is 42 a factor of 28358?
False
Is 4900 a multiple of 70?
True
Does 75 divide 11700?
True
Does 41 divide 459?
False
Does 18 divide 3863?
False
Does 30 divide 602?
False
Is 924 a multiple of 6?
True
Does 27 divide 8613?
True
Does 61 divide 17159?
False
Does 11 divide 9823?
True
Does 15 divide 2085?
True
Is 55602 a multiple of 9?
True
Does 9 divide 476?
False
Is 1542 a multiple of 15?
False
Is 1905 a multiple of 15?
True
Does 190 divide 34200?
True
Is 52 a factor of 6067?
False
Is 23 a factor of 97037?
True
Is 10 a factor of 727?
False
Does 12 divide 936?
True
Is 8032 a multiple of 8?
True
Does 14 divide 1750?
True
Does 7 divide 20818?
True
Does 10 